{"id":4304,"date":"2019-02-18T17:30:18","date_gmt":"2019-02-18T16:30:18","guid":{"rendered":"https:\/\/www.jousse-entreprise.com\/mobilier-architectes\/?page_id=4304"},"modified":"2024-02-28T18:30:40","modified_gmt":"2024-02-28T17:30:40","slug":"la-galerie","status":"publish","type":"page","link":"https:\/\/www.jousse-entreprise.com\/mobilier-architectes\/fr\/la-galerie\/","title":{"rendered":"La galerie"},"content":{"rendered":"<p>Philippe Jousse a d\u2019abord exerc\u00e9 son \u0153il dans le domaine de la photographie (il a notamment \u00e9t\u00e9 quelquefois l\u2019assistant de Guy Bourdin). Peu apr\u00e8s, il d\u00e9couvre le travail de Jean Prouv\u00e9 et se prend de passion pour le mobilier de l\u2019apr\u00e8s-guerre. Au d\u00e9but des ann\u00e9es 1980, il abandonne toute autre activit\u00e9 pour s\u2019engager \u00e0 promouvoir, aupr\u00e8s d\u2019une premi\u00e8re g\u00e9n\u00e9ration d\u2019amateurs et de collectionneurs, des cr\u00e9ateurs alors oubli\u00e9s ou n\u00e9glig\u00e9s : Jean Prouv\u00e9, Charlotte Perriand, Alexandre Noll, Jean Roy\u00e8re, Mathieu Mat\u00e9got, Pierre Jeanneret, Georges Jouve, Serge Mouille\u2026 qui tous avaient recueilli et transform\u00e9 l\u2019h\u00e9ritage du modernisme et de Le Corbusier. Apr\u00e8s quelques ann\u00e9es d\u2019activit\u00e9 aupr\u00e8s de connaisseurs de plus en plus avertis, Philippe Jousse organise en 1987 un projet ambitieux : la premi\u00e8re r\u00e9trospective de Charlotte Perriand, accompagn\u00e9e d\u2019une publication.<\/p>\n<p>Depuis, Philippe Jousse n\u2019a pas cess\u00e9 de jouer un r\u00f4le essentiel dans l\u2019\u00e9volution du go\u00fbt des collectionneurs priv\u00e9s et des mus\u00e9es, fran\u00e7ais et internationaux, en faveur de la modernit\u00e9 de cette p\u00e9riode. Il s\u2019int\u00e9resse \u00e9galement \u00e0 des cr\u00e9ateurs plus jeunes, notamment dans le domaine de la c\u00e9ramique, comme Kristin McKirdy ou Emmanuel Boos.<\/p>\n<p>Dans les ann\u00e9es 1990, Philippe Jousse s\u2019int\u00e9resse de plus en plus \u00e0 l\u2019art contemporain et commence \u00e0 exposer dans sa galerie des artistes trentenaires, fran\u00e7ais et \u00e9trangers. En 2000, il ouvre une nouvelle galerie o\u00f9 ces deux passions se d\u00e9veloppent \u00e0 parts \u00e9gales. Il y exprime son id\u00e9e directrice : \u00eatre un passeur entre la cr\u00e9ation d\u2019objets et l\u2019art, qui ne seraient plus per\u00e7us comme des domaines diff\u00e9rents ou contradictoires. La galerie devient une passerelle, un laboratoire dans lequel s\u2019instaure et s\u2019exp\u00e9rimente un dialogue.<\/p>\n<p>En 2002, Matthias Jousse rejoint la galerie, dans laquelle il d\u00e9fend les grands noms des ann\u00e9es 70-80 en organisant des expositions de cr\u00e9ateurs comme Roger Tallon, Pierre Paulin, Philippon\/Lecoq, Philippe Starck et Martin Szekely<\/p>\n<p>La galerie d\u2019art contemporain repr\u00e9sente <span class=\"\">Atelier Van Lieshout \/ Louidgi Beltrame \/ Elisabetta Benassi \/ Jen<\/span><span class=\"\">nifer Caubet \/ Matthew Darbyshire \/ <\/span><span class=\"\">Florence Dol\u00e9ac \/ Tim Eitel \/ Anne<\/span><span class=\"\">&#8211;<\/span><span class=\"\">Charlotte Finel \/ Thomas Gr\u00fcnfeld <\/span><span class=\"\">\/ Clarisse Hahn \/ Nathana\u00eblle <\/span><span class=\"\">Herbelin \/ Simon Martin \/ Richard Kern \/ Martin Le Chevallier \/ Ange Leccia \/ Seulgi Lee \/ Ariane Michel \/ Rometti Costales\u00a0<\/span><\/p>\n","protected":false},"excerpt":{"rendered":"<p>Philippe Jousse a d\u2019abord exerc\u00e9 son \u0153il dans le domaine de la photographie (il a notamment \u00e9t\u00e9 quelquefois l\u2019assistant de Guy Bourdin). Peu apr\u00e8s, il d\u00e9couvre le travail de Jean Prouv\u00e9 et se prend de passion pour le mobilier de l\u2019apr\u00e8s-guerre. Au d\u00e9but des ann\u00e9es 1980, il abandonne toute autre activit\u00e9 pour s\u2019engager \u00e0 promouvoir, [&hellip;]<\/p>\n","protected":false},"author":1,"featured_media":4306,"parent":0,"menu_order":0,"comment_status":"closed","ping_status":"closed","template":"","meta":{"footnotes":""},"class_list":["post-4304","page","type-page","status-publish","has-post-thumbnail","hentry"],"yoast_head":"<!-- This site is optimized with the Yoast SEO plugin v27.3 - https:\/\/yoast.com\/product\/yoast-seo-wordpress\/ -->\n<title>La galerie - Jousse-entreprise | architecture x furniture<\/title>\n<meta name=\"description\" content=\"\u00a0La galerie - Jousse-entreprise | architecture x furniture - La galerie d&#039;art Jousse-entreprise repr\u00e9sente Jean Prouv\u00e9, Charlotte Perriand, Alexandre Noll, Jean Roy\u00e8re, Mathieu Mat\u00e9got, Pierre Jeanneret, Georges Jouve, Serge Mouille\" \/>\n<meta name=\"robots\" content=\"index, follow, max-snippet:-1, max-image-preview:large, max-video-preview:-1\" \/>\n<link rel=\"canonical\" href=\"https:\/\/www.jousse-entreprise.com\/mobilier-architectes\/fr\/la-galerie\/\" \/>\n<meta property=\"og:locale\" content=\"en_US\" \/>\n<meta property=\"og:type\" content=\"article\" \/>\n<meta property=\"og:title\" content=\"La galerie - Jousse-entreprise | architecture x furniture\" \/>\n<meta property=\"og:description\" content=\"\u00a0La galerie - Jousse-entreprise | architecture x furniture - La galerie d&#039;art Jousse-entreprise repr\u00e9sente Jean Prouv\u00e9, Charlotte Perriand, Alexandre Noll, Jean Roy\u00e8re, Mathieu Mat\u00e9got, Pierre Jeanneret, Georges Jouve, Serge Mouille\" \/>\n<meta property=\"og:url\" content=\"https:\/\/www.jousse-entreprise.com\/mobilier-architectes\/fr\/la-galerie\/\" \/>\n<meta property=\"og:site_name\" content=\"Jousse-entreprise | architecture x furniture\" \/>\n<meta property=\"article:modified_time\" content=\"2024-02-28T17:30:40+00:00\" \/>\n<meta property=\"og:image\" content=\"https:\/\/www.jousse-entreprise.com\/mobilier-architectes\/wp-content\/uploads\/sites\/5\/2019\/02\/jousse.png.990x480_q85_crop.jpg\" \/>\n\t<meta property=\"og:image:width\" content=\"987\" \/>\n\t<meta property=\"og:image:height\" content=\"478\" \/>\n\t<meta property=\"og:image:type\" content=\"image\/jpeg\" \/>\n<meta name=\"twitter:card\" content=\"summary_large_image\" \/>\n<meta name=\"twitter:label1\" content=\"Est. reading time\" \/>\n\t<meta name=\"twitter:data1\" content=\"2 minutes\" \/>\n<script type=\"application\/ld+json\" class=\"yoast-schema-graph\">{\"@context\":\"https:\\\/\\\/schema.org\",\"@graph\":[{\"@type\":\"WebPage\",\"@id\":\"https:\\\/\\\/www.jousse-entreprise.com\\\/mobilier-architectes\\\/fr\\\/la-galerie\\\/\",\"url\":\"https:\\\/\\\/www.jousse-entreprise.com\\\/mobilier-architectes\\\/fr\\\/la-galerie\\\/\",\"name\":\"La galerie - Jousse-entreprise | architecture x furniture\",\"isPartOf\":{\"@id\":\"https:\\\/\\\/www.jousse-entreprise.com\\\/mobilier-architectes\\\/#website\"},\"primaryImageOfPage\":{\"@id\":\"https:\\\/\\\/www.jousse-entreprise.com\\\/mobilier-architectes\\\/fr\\\/la-galerie\\\/#primaryimage\"},\"image\":{\"@id\":\"https:\\\/\\\/www.jousse-entreprise.com\\\/mobilier-architectes\\\/fr\\\/la-galerie\\\/#primaryimage\"},\"thumbnailUrl\":\"https:\\\/\\\/www.jousse-entreprise.com\\\/mobilier-architectes\\\/wp-content\\\/uploads\\\/sites\\\/5\\\/2019\\\/02\\\/jousse.png.990x480_q85_crop.jpg\",\"datePublished\":\"2019-02-18T16:30:18+00:00\",\"dateModified\":\"2024-02-28T17:30:40+00:00\",\"description\":\"\u00a0La galerie - Jousse-entreprise | architecture x furniture - La galerie d'art Jousse-entreprise repr\u00e9sente Jean Prouv\u00e9, Charlotte Perriand, Alexandre Noll, Jean Roy\u00e8re, Mathieu Mat\u00e9got, Pierre Jeanneret, Georges Jouve, Serge Mouille\",\"breadcrumb\":{\"@id\":\"https:\\\/\\\/www.jousse-entreprise.com\\\/mobilier-architectes\\\/fr\\\/la-galerie\\\/#breadcrumb\"},\"inLanguage\":\"en-US\",\"potentialAction\":[{\"@type\":\"ReadAction\",\"target\":[\"https:\\\/\\\/www.jousse-entreprise.com\\\/mobilier-architectes\\\/fr\\\/la-galerie\\\/\"]}]},{\"@type\":\"ImageObject\",\"inLanguage\":\"en-US\",\"@id\":\"https:\\\/\\\/www.jousse-entreprise.com\\\/mobilier-architectes\\\/fr\\\/la-galerie\\\/#primaryimage\",\"url\":\"https:\\\/\\\/www.jousse-entreprise.com\\\/mobilier-architectes\\\/wp-content\\\/uploads\\\/sites\\\/5\\\/2019\\\/02\\\/jousse.png.990x480_q85_crop.jpg\",\"contentUrl\":\"https:\\\/\\\/www.jousse-entreprise.com\\\/mobilier-architectes\\\/wp-content\\\/uploads\\\/sites\\\/5\\\/2019\\\/02\\\/jousse.png.990x480_q85_crop.jpg\",\"width\":987,\"height\":478},{\"@type\":\"BreadcrumbList\",\"@id\":\"https:\\\/\\\/www.jousse-entreprise.com\\\/mobilier-architectes\\\/fr\\\/la-galerie\\\/#breadcrumb\",\"itemListElement\":[{\"@type\":\"ListItem\",\"position\":1,\"name\":\"Accueil\",\"item\":\"https:\\\/\\\/www.jousse-entreprise.com\\\/mobilier-architectes\\\/en\\\/\"},{\"@type\":\"ListItem\",\"position\":2,\"name\":\"La galerie\"}]},{\"@type\":\"WebSite\",\"@id\":\"https:\\\/\\\/www.jousse-entreprise.com\\\/mobilier-architectes\\\/#website\",\"url\":\"https:\\\/\\\/www.jousse-entreprise.com\\\/mobilier-architectes\\\/\",\"name\":\"Jousse-entreprise | architecture x furniture\",\"description\":\"\",\"publisher\":{\"@id\":\"https:\\\/\\\/www.jousse-entreprise.com\\\/mobilier-architectes\\\/#organization\"},\"potentialAction\":[{\"@type\":\"SearchAction\",\"target\":{\"@type\":\"EntryPoint\",\"urlTemplate\":\"https:\\\/\\\/www.jousse-entreprise.com\\\/mobilier-architectes\\\/?s={search_term_string}\"},\"query-input\":{\"@type\":\"PropertyValueSpecification\",\"valueRequired\":true,\"valueName\":\"search_term_string\"}}],\"inLanguage\":\"en-US\"},{\"@type\":\"Organization\",\"@id\":\"https:\\\/\\\/www.jousse-entreprise.com\\\/mobilier-architectes\\\/#organization\",\"name\":\"Jousse entreprise - architecture x furniture\",\"url\":\"https:\\\/\\\/www.jousse-entreprise.com\\\/mobilier-architectes\\\/\",\"logo\":{\"@type\":\"ImageObject\",\"inLanguage\":\"en-US\",\"@id\":\"https:\\\/\\\/www.jousse-entreprise.com\\\/mobilier-architectes\\\/#\\\/schema\\\/logo\\\/image\\\/\",\"url\":\"https:\\\/\\\/www.jousse-entreprise.com\\\/mobilier-architectes\\\/wp-content\\\/uploads\\\/sites\\\/5\\\/2019\\\/01\\\/logoret.jpg\",\"contentUrl\":\"https:\\\/\\\/www.jousse-entreprise.com\\\/mobilier-architectes\\\/wp-content\\\/uploads\\\/sites\\\/5\\\/2019\\\/01\\\/logoret.jpg\",\"width\":500,\"height\":200,\"caption\":\"Jousse entreprise - architecture x furniture\"},\"image\":{\"@id\":\"https:\\\/\\\/www.jousse-entreprise.com\\\/mobilier-architectes\\\/#\\\/schema\\\/logo\\\/image\\\/\"},\"sameAs\":[\"https:\\\/\\\/www.instagram.com\\\/jousseentreprise\\\/\"]}]}<\/script>\n<!-- \/ Yoast SEO plugin. -->","yoast_head_json":{"title":"La galerie - Jousse-entreprise | architecture x furniture","description":"\u00a0La galerie - Jousse-entreprise | architecture x furniture - La galerie d'art Jousse-entreprise repr\u00e9sente Jean Prouv\u00e9, Charlotte Perriand, Alexandre Noll, Jean Roy\u00e8re, Mathieu Mat\u00e9got, Pierre Jeanneret, Georges Jouve, Serge Mouille","robots":{"index":"index","follow":"follow","max-snippet":"max-snippet:-1","max-image-preview":"max-image-preview:large","max-video-preview":"max-video-preview:-1"},"canonical":"https:\/\/www.jousse-entreprise.com\/mobilier-architectes\/fr\/la-galerie\/","og_locale":"en_US","og_type":"article","og_title":"La galerie - Jousse-entreprise | architecture x furniture","og_description":"\u00a0La galerie - Jousse-entreprise | architecture x furniture - La galerie d'art Jousse-entreprise repr\u00e9sente Jean Prouv\u00e9, Charlotte Perriand, Alexandre Noll, Jean Roy\u00e8re, Mathieu Mat\u00e9got, Pierre Jeanneret, Georges Jouve, Serge Mouille","og_url":"https:\/\/www.jousse-entreprise.com\/mobilier-architectes\/fr\/la-galerie\/","og_site_name":"Jousse-entreprise | architecture x furniture","article_modified_time":"2024-02-28T17:30:40+00:00","og_image":[{"width":987,"height":478,"url":"https:\/\/www.jousse-entreprise.com\/mobilier-architectes\/wp-content\/uploads\/sites\/5\/2019\/02\/jousse.png.990x480_q85_crop.jpg","type":"image\/jpeg"}],"twitter_card":"summary_large_image","twitter_misc":{"Est. reading time":"2 minutes"},"schema":{"@context":"https:\/\/schema.org","@graph":[{"@type":"WebPage","@id":"https:\/\/www.jousse-entreprise.com\/mobilier-architectes\/fr\/la-galerie\/","url":"https:\/\/www.jousse-entreprise.com\/mobilier-architectes\/fr\/la-galerie\/","name":"La galerie - Jousse-entreprise | architecture x furniture","isPartOf":{"@id":"https:\/\/www.jousse-entreprise.com\/mobilier-architectes\/#website"},"primaryImageOfPage":{"@id":"https:\/\/www.jousse-entreprise.com\/mobilier-architectes\/fr\/la-galerie\/#primaryimage"},"image":{"@id":"https:\/\/www.jousse-entreprise.com\/mobilier-architectes\/fr\/la-galerie\/#primaryimage"},"thumbnailUrl":"https:\/\/www.jousse-entreprise.com\/mobilier-architectes\/wp-content\/uploads\/sites\/5\/2019\/02\/jousse.png.990x480_q85_crop.jpg","datePublished":"2019-02-18T16:30:18+00:00","dateModified":"2024-02-28T17:30:40+00:00","description":"\u00a0La galerie - Jousse-entreprise | architecture x furniture - La galerie d'art Jousse-entreprise repr\u00e9sente Jean Prouv\u00e9, Charlotte Perriand, Alexandre Noll, Jean Roy\u00e8re, Mathieu Mat\u00e9got, Pierre Jeanneret, Georges Jouve, Serge Mouille","breadcrumb":{"@id":"https:\/\/www.jousse-entreprise.com\/mobilier-architectes\/fr\/la-galerie\/#breadcrumb"},"inLanguage":"en-US","potentialAction":[{"@type":"ReadAction","target":["https:\/\/www.jousse-entreprise.com\/mobilier-architectes\/fr\/la-galerie\/"]}]},{"@type":"ImageObject","inLanguage":"en-US","@id":"https:\/\/www.jousse-entreprise.com\/mobilier-architectes\/fr\/la-galerie\/#primaryimage","url":"https:\/\/www.jousse-entreprise.com\/mobilier-architectes\/wp-content\/uploads\/sites\/5\/2019\/02\/jousse.png.990x480_q85_crop.jpg","contentUrl":"https:\/\/www.jousse-entreprise.com\/mobilier-architectes\/wp-content\/uploads\/sites\/5\/2019\/02\/jousse.png.990x480_q85_crop.jpg","width":987,"height":478},{"@type":"BreadcrumbList","@id":"https:\/\/www.jousse-entreprise.com\/mobilier-architectes\/fr\/la-galerie\/#breadcrumb","itemListElement":[{"@type":"ListItem","position":1,"name":"Accueil","item":"https:\/\/www.jousse-entreprise.com\/mobilier-architectes\/en\/"},{"@type":"ListItem","position":2,"name":"La galerie"}]},{"@type":"WebSite","@id":"https:\/\/www.jousse-entreprise.com\/mobilier-architectes\/#website","url":"https:\/\/www.jousse-entreprise.com\/mobilier-architectes\/","name":"Jousse-entreprise | architecture x furniture","description":"","publisher":{"@id":"https:\/\/www.jousse-entreprise.com\/mobilier-architectes\/#organization"},"potentialAction":[{"@type":"SearchAction","target":{"@type":"EntryPoint","urlTemplate":"https:\/\/www.jousse-entreprise.com\/mobilier-architectes\/?s={search_term_string}"},"query-input":{"@type":"PropertyValueSpecification","valueRequired":true,"valueName":"search_term_string"}}],"inLanguage":"en-US"},{"@type":"Organization","@id":"https:\/\/www.jousse-entreprise.com\/mobilier-architectes\/#organization","name":"Jousse entreprise - architecture x furniture","url":"https:\/\/www.jousse-entreprise.com\/mobilier-architectes\/","logo":{"@type":"ImageObject","inLanguage":"en-US","@id":"https:\/\/www.jousse-entreprise.com\/mobilier-architectes\/#\/schema\/logo\/image\/","url":"https:\/\/www.jousse-entreprise.com\/mobilier-architectes\/wp-content\/uploads\/sites\/5\/2019\/01\/logoret.jpg","contentUrl":"https:\/\/www.jousse-entreprise.com\/mobilier-architectes\/wp-content\/uploads\/sites\/5\/2019\/01\/logoret.jpg","width":500,"height":200,"caption":"Jousse entreprise - architecture x furniture"},"image":{"@id":"https:\/\/www.jousse-entreprise.com\/mobilier-architectes\/#\/schema\/logo\/image\/"},"sameAs":["https:\/\/www.instagram.com\/jousseentreprise\/"]}]}},"_links":{"self":[{"href":"https:\/\/www.jousse-entreprise.com\/mobilier-architectes\/wp-json\/wp\/v2\/pages\/4304","targetHints":{"allow":["GET"]}}],"collection":[{"href":"https:\/\/www.jousse-entreprise.com\/mobilier-architectes\/wp-json\/wp\/v2\/pages"}],"about":[{"href":"https:\/\/www.jousse-entreprise.com\/mobilier-architectes\/wp-json\/wp\/v2\/types\/page"}],"author":[{"embeddable":true,"href":"https:\/\/www.jousse-entreprise.com\/mobilier-architectes\/wp-json\/wp\/v2\/users\/1"}],"replies":[{"embeddable":true,"href":"https:\/\/www.jousse-entreprise.com\/mobilier-architectes\/wp-json\/wp\/v2\/comments?post=4304"}],"version-history":[{"count":9,"href":"https:\/\/www.jousse-entreprise.com\/mobilier-architectes\/wp-json\/wp\/v2\/pages\/4304\/revisions"}],"predecessor-version":[{"id":12362,"href":"https:\/\/www.jousse-entreprise.com\/mobilier-architectes\/wp-json\/wp\/v2\/pages\/4304\/revisions\/12362"}],"wp:featuredmedia":[{"embeddable":true,"href":"https:\/\/www.jousse-entreprise.com\/mobilier-architectes\/wp-json\/wp\/v2\/media\/4306"}],"wp:attachment":[{"href":"https:\/\/www.jousse-entreprise.com\/mobilier-architectes\/wp-json\/wp\/v2\/media?parent=4304"}],"curies":[{"name":"wp","href":"https:\/\/api.w.org\/{rel}","templated":true}]}}